{"id":2460,"date":"2021-03-05T17:04:56","date_gmt":"2021-03-05T17:04:56","guid":{"rendered":"https:\/\/alleinerziehende-singles.de\/magazin\/?page_id=2460"},"modified":"2021-11-27T16:38:27","modified_gmt":"2021-11-27T16:38:27","slug":"ssw-schwangerschaftswoche-35","status":"publish","type":"page","link":"https:\/\/alleinerziehende-singles.de\/magazin\/ssw-schwangerschaftswoche-35\/","title":{"rendered":"Die Schwangerschaftswoche 35"},"content":{"rendered":"<p>Hurra, du bist in der 35. Schwangerschaftswoche und damit ist dein Baby lebensf\u00e4hig, sollte es jetzt schon zur Welt kommen.<\/p>\n<p>Nur noch wenige Wochen, dann wirst du dein Baby in H\u00e4nden halten und kuscheln d\u00fcrfen. Doch bis es so weit ist, \u00fcbt dein K\u00f6rper flei\u00dfig bis zur Geburt &#8211; und das wirst du sp\u00fcren und wahrnehmen.<br \/>\nErfahre hier, wie sich dein Baby in der 35. Schwangerschaftswoche entwickelt, was auf dem Ultraschall zu sehen ist und was du f\u00fcr dich Gutes tun kannst.<\/p>\n<h2>Entwicklung des Babys in der 35.SSW<\/h2>\n<p>Dein Baby ist in der 35. Schwangerschaftswoche voll entwickelt. Dein Baby kann bereits eigenst\u00e4ndig atmen und Magen-Darm-Trakt, Nervensystem und Immunsystem sind bereit f\u00fcr das Leben au\u00dferhalb deines Bauches. Damit ist dein Baby lebensf\u00e4hig.<\/p>\n<p>W\u00fcrde dein Baby jetzt zur Welt kommen, dann w\u00e4re dein Baby noch immer eine Fr\u00fchgeburt, doch die 35. SSW bedeutet auch eine fast 99-prozentige \u00dcberlebenschance ohne intensivmedizinische Versorgung. Du kannst also aufatmen!<\/p>\n<p>Was wirst du noch bemerken? Ellbogen, F\u00fc\u00dfe und Kopf dr\u00fccken sich deutlich an deinem Bauch ab und du wirst die Bewegungen immer intensiver sp\u00fcren. Jetzt ist auch die Zeit, in der dein Baby einen Tagesrhythmus entwickelt, weil die Wand des Uterus d\u00fcnner wird und mehr Licht durchgelassen wird.<\/p>\n<p><img loading=\"lazy\" decoding=\"async\" class=\"aligncenter size-large wp-image-2824\" src=\"https:\/\/alleinerziehende-singles.de\/magazin\/wp-content\/uploads\/2021\/11\/SSW-35-1024x588.png\" alt=\"Schwangerschaftswoche 35\" width=\"648\" height=\"372\" srcset=\"https:\/\/alleinerziehende-singles.de\/magazin\/wp-content\/uploads\/2021\/11\/SSW-35-1024x588.png 1024w, https:\/\/alleinerziehende-singles.de\/magazin\/wp-content\/uploads\/2021\/11\/SSW-35-300x172.png 300w, https:\/\/alleinerziehende-singles.de\/magazin\/wp-content\/uploads\/2021\/11\/SSW-35-768x441.png 768w, https:\/\/alleinerziehende-singles.de\/magazin\/wp-content\/uploads\/2021\/11\/SSW-35-1536x882.png 1536w, https:\/\/alleinerziehende-singles.de\/magazin\/wp-content\/uploads\/2021\/11\/SSW-35.png 1793w\" sizes=\"auto, (max-width: 648px) 100vw, 648px\" \/><\/p>\n<h2>Bubenmamas aufgepasst, da tut sich noch etwas bei deinem Baby<\/h2>\n<p>Wenn du einen Buben erwartest, dann sind in der 35. SSW die Hoden aus dem Inneren des Bauchs in die Hodens\u00e4cke gewandert. Ist das noch nicht geschehen, dann wird dein Baby mit einem Hodenhochstand geboren und \u00c4rzte geben der Wanderung bis zum sechsten Lebensmonat Zeit. In der Regel wird dann operiert.<\/p>\n<h2>Das ist auf dem Ultraschall zu sehen<\/h2>\n<p>Das Gewicht deines Babys betr\u00e4gt etwa 2.500 Gramm &#8211; ist es mehr oder weniger, sei bitte nicht beunruhigt: Jedes Baby entwickelt sich anders. Mit dem durchschnittlichen Gewicht hat dein Baby in einer Woche gut 300 Gramm zur Vorwoche zugelegt und es kommt in den n\u00e4chsten Monaten noch einiges dazu, denn dein Baby legt noch weitere Fettreserven an.<\/p>\n<p>Im Idealfall liegt dein Baby schon in Geburtsposition mit dem Kopf nach unten &#8211; falls nicht, sprich mit deiner Hebamme oder deinem Arzt, um mit sanften Mitteln wie Moxen oder Turn\u00fcbungen nachzuhelfen, damit sich dein Baby noch richtig dreht.<\/p>\n<h2>Diese Ver\u00e4nderungen wirst du bemerken<\/h2>\n<p>Herzlich Willkommen im Mutterschutz! Du hast jetzt alle Zeit und Ruhe, dich auf dein Baby und die Geburt vorzubereiten.<\/p>\n<p>Dein Bauch wird immer gr\u00f6\u00dfer, die Haut kann spannen und die Waage zeigt 11,5 &#8211; 13,5 Kilo mehr. Keine Sorge, das ist v\u00f6llig im Rahmen, denn allein die Geb\u00e4rmutter kommt auf gute 1,5 Kilogramm! Dann noch dein Baby dazu und das Fruchtwasser &#8211; ja, da kommt einiges zusammen.<\/p>\n<p>Dir wird auffallen, dass dein Bauchnabel gr\u00f6\u00dfer ist und vielleicht wie ein St\u00f6psel hervorsteht. Oftmals wirst du dich atemlos f\u00fchlen und langsamer machen m\u00fcssen, weil dein Uterus bis zu deinen Rippen reicht &#8211; da hilft es, wenn du dich zwischendurch immer wieder in den Vierf\u00fc\u00dfler begibst und dann tief durchatmest. Und dein Baby dr\u00fcckt ordentlich auf deine Blase &#8211; bitte trink deswegen nicht weniger, denn dein Baby braucht Fl\u00fcssigkeit. Verzichte lieber auf harntreibende Getr\u00e4nke.<\/p>\n<p>Du wirst vielleicht schon sp\u00fcren, dass dein Bauch immer wieder hart wird und es zieht. Das sind Vor- und Senkwehen, mit denen sich dein K\u00f6rper auf die Geburt vorbereitet und dein Baby soll dadurch animiert werden, sich in die Geburtsposition zu drehen. Ein Ziehen so \u00e4hnlich wie bei Regelschmerzen ist eine Vor\u00fcbung deines K\u00f6rpers und nach ein paar Minuten sind die \u00dcbungswehen auch wieder verschwunden.<\/p>\n<p>Fr\u00fchwehen sind hingegen anders: Sie sind regelm\u00e4\u00dfig, werden st\u00e4rker und k\u00f6nnen auch mit w\u00e4ssrigem Ausfluss gemeinsam auftreten. Wenn du hier unsicher bist, dann kontaktiere deine Hebamme oder deinen Arzt, wenn die Wehen regelm\u00e4\u00dfig kommen. \u00c4hnlich wie die Fr\u00fchwehen kommen die Er\u00f6ffnungswehen in regelm\u00e4\u00dfigen Abst\u00e4nden und werden immer st\u00e4rker &#8211; sie zeigen an, dass es jetzt los geht!<\/p>\n<p>Auch bereits vielleicht bekannte Beschwerden wie Sodbrennen, H\u00e4morrhoiden und Juckreiz k\u00f6nnen nochmals zunehmen oder wieder auftreten, lange gem\u00fctlich liegen wird zunehmend schwieriger und beim Husten oder Niesen kann es sein, dass ein wenig Harn austritt. Das alles klingt jetzt nicht spannend, aber es sind nur mehr ein paar Wochen bis zur Geburt!<\/p>\n<h2>Tipps f\u00fcr die Phase dieser SSW<\/h2>\n<ul>\n<li>Sanftes Beckenbodentraining, um einer Beckenbodenschw\u00e4che vorzubeugen<\/li>\n<li>Langsam die Kliniktasche packen<\/li>\n<li>Ist schon alles f\u00fcr die Erstausstattung angeschafft? Wickelunterlage, Kinderwagen, Babytrage, Kleidung, Windeln?<\/li>\n<li>Leg gerne mal deine Beine hoch und genie\u00dfe die 35. Schwangerschaftswoche<\/li>\n<li>Sanfte Bewegung wie Yoga h\u00e4lt dich fit f\u00fcr die Geburt<\/li>\n<\/ul>\n<p><a href=\"https:\/\/alleinerziehende-singles.de\/magazin\/ssw-schwangerschaftswoche-34\/\">\u21d0 Zur\u00fcck zu SSW 34<\/a><br \/>\n<a href=\"https:\/\/alleinerziehende-singles.de\/magazin\/ssw-schwangerschaftswoche-36\/\">\u21d2 Weiter zu SSW 36<\/a><\/p>\n","protected":false},"excerpt":{"rendered":"<p>Hurra, du bist in der 35. Schwangerschaftswoche und damit ist dein Baby lebensf\u00e4hig, sollte es jetzt schon zur Welt kommen.<\/p>\n","protected":false},"author":2,"featured_media":0,"parent":0,"menu_order":0,"comment_status":"closed","ping_status":"closed","template":"","meta":{"footnotes":""},"class_list":["post-2460","page","type-page","status-publish","hentry","comments-off"],"aioseo_notices":[],"_links":{"self":[{"href":"https:\/\/alleinerziehende-singles.de\/magazin\/wp-json\/wp\/v2\/pages\/2460","targetHints":{"allow":["GET"]}}],"collection":[{"href":"https:\/\/alleinerziehende-singles.de\/magazin\/wp-json\/wp\/v2\/pages"}],"about":[{"href":"https:\/\/alleinerziehende-singles.de\/magazin\/wp-json\/wp\/v2\/types\/page"}],"author":[{"embeddable":true,"href":"https:\/\/alleinerziehende-singles.de\/magazin\/wp-json\/wp\/v2\/users\/2"}],"replies":[{"embeddable":true,"href":"https:\/\/alleinerziehende-singles.de\/magazin\/wp-json\/wp\/v2\/comments?post=2460"}],"version-history":[{"count":3,"href":"https:\/\/alleinerziehende-singles.de\/magazin\/wp-json\/wp\/v2\/pages\/2460\/revisions"}],"predecessor-version":[{"id":2825,"href":"https:\/\/alleinerziehende-singles.de\/magazin\/wp-json\/wp\/v2\/pages\/2460\/revisions\/2825"}],"wp:attachment":[{"href":"https:\/\/alleinerziehende-singles.de\/magazin\/wp-json\/wp\/v2\/media?parent=2460"}],"curies":[{"name":"wp","href":"https:\/\/api.w.org\/{rel}","templated":true}]}}