{"id":2375,"date":"2021-01-11T19:20:57","date_gmt":"2021-01-11T19:20:57","guid":{"rendered":"https:\/\/alleinerziehende-singles.de\/magazin\/?page_id=2375"},"modified":"2021-07-26T17:46:32","modified_gmt":"2021-07-26T17:46:32","slug":"ssw-schwangerschaftswoche-17","status":"publish","type":"page","link":"https:\/\/alleinerziehende-singles.de\/magazin\/ssw-schwangerschaftswoche-17\/","title":{"rendered":"Die Schwangerschaftswoche 17"},"content":{"rendered":"<h2>So aufregend wird die Schwangerschaftswoche 17!<\/h2>\n<p>Die SSW 17 beginnt und damit bereits der f\u00fcnfte Monat der Schwangerschaft! Eine aufregende Zeit f\u00fcr das kleine Wesen, das in deinem Bauch heranw\u00e4chst. Aber was genau passiert in dieser Schwangerschaftswoche? Wir verraten es dir!<\/p>\n<h2>Entwicklung des Babys<\/h2>\n<p>Dein Baby ist mittlerweile ca. 100 &#8211; 140 g schwer und 11 &#8211; 13 cm gro\u00df. Das entspricht in etwa einer Paprika oder Avocado. Auch in dieser SSW passiert in deinem Bauch sehr viel. Das kleine Wesen in deinem Bauch beginnt einen doppelten Hautschutz aufzubauen. Zum einen entwickelt sich gerade die K\u00e4seschmiere aus Talg, Wasser und abgefallenen Hautzellen. Zum anderen bilden sich feine H\u00e4rchen am ganzen K\u00f6rper, die sogenannte Lanugo-Behaarung. Beides sch\u00fctzt die Haut des Babys davor, vom Fruchtwasser aufgeweicht zu werden. Ganz p\u00fcnktlich, kurz vor der Geburt, verschwindet beides beinahe g\u00e4nzlich.<br \/>\nNeben dem Hautschutz wird nun &#8222;Speck&#8220; angesetzt: Eine Isolierschicht, die deinem kleinen Schatz sp\u00e4ter zur Regulation der eigenen K\u00f6rpertemperatur verhilft.<br \/>\nIst dir vielleicht schon einmal ein Hicksen deines Babys aufgefallen? Denn in der 17. Schwangerschaftswoche \u00fcbt die Lunge das Atmen! Das funktioniert zwar nicht mit Luft, aber mit dem Fruchtwasser. Dadurch entsteht ein Schluckauf, den du als Mama durchaus sp\u00fcren k\u00f6nntest. Dadurch, dass sich das Geh\u00f6r ebenfalls weiterentwickelt, kann lauter Krach sich schreckhaft auf deinen kleinen Schatz auswirken. Auch das l\u00f6st einen Schluckauf aus. Aber keine Sorge, das ist v\u00f6llig normal und nichts Schlimmes. Im Gegenteil: Dein Baby hat bereits die F\u00e4higkeit auf Ger\u00e4usche zu reagieren!<br \/>\nNeben dem Wachstum der bereits genannten Organe, werden in der SSW 17 auch die Knochen h\u00e4rter und das Immunsystem st\u00e4rker.<br \/>\nDu siehst, die Entwicklung deines Babys l\u00e4uft weiterhin auf Hochtouren!<\/p>\n<p><img loading=\"lazy\" decoding=\"async\" class=\"aligncenter size-large wp-image-2671\" src=\"https:\/\/alleinerziehende-singles.de\/magazin\/wp-content\/uploads\/2021\/07\/SSW17-1024x547.png\" alt=\"Schwangerschftswoche 17 SSW17\" width=\"648\" height=\"346\" \/><\/p>\n<h2>Das ist auf dem Ultraschall zu sehen<\/h2>\n<p>In der 17. Schwangerschaftswoche l\u00e4sst sich auf dem Ultraschallbild gut erkennen, dass sich die Proportionen deines Babys ver\u00e4ndern. Arme und Beine werden l\u00e4nger, w\u00e4hrend der Kopf nun langsamer w\u00e4chst als zuvor. Die Position der Augen ist mittlerweile an der richtigen Stelle des Gesichtes angekommen. Immer mehr sieht dein kleines Wesen aus, wie ein kleiner Mensch.<br \/>\nDas Gewebe der Geschlechtsorgane beginnt sich zu formen. Bei einem M\u00e4dchen bildet sich dieses f\u00fcr die Geb\u00e4rmutter und die Scheide, bei einem Jungen sorgt Testosteron f\u00fcr die Bildung des Penis und der Prostata. Theoretisch l\u00e4sst sich bereits das Geschlecht bestimmen. Viele Frauen\u00e4rzte halten sich allerdings stark zur\u00fcck mit bestimmten Aussagen, da sie sicher gehen wollen, keine falschen Aussagen zu treffen.<br \/>\nDas wohl aufregendste werden diese Woche jedoch die Herzt\u00f6ne sein. Diese sind n\u00e4mlich bereits ab der SSW 17 mit einem Stethoskop zu h\u00f6ren! Nur wenig wird dein gro\u00dfes Mutterherz so sehr ber\u00fchren, wie das erste h\u00f6rbare Herzklopfen deines Babys.<\/p>\n<h2>Die Gesundheit der Mutter<\/h2>\n<p>Bist du \u00f6fter m\u00fcde oder hast vielleicht Probleme mit deinem Kreislauf? Schwitzt du schneller oder leidest du eventuell bereits nachts an Wadenkr\u00e4mpfen? Mach dir keine Sorgen, das ist v\u00f6llig normal in der 17. Schwangerschaftswoche.<br \/>\nDie hohe Blutmenge deines K\u00f6rpers sorgt nicht nur daf\u00fcr, dass dein Baby ausreichend versorgt wird, sondern auch, dass deine K\u00f6rpertemperatur steigt.<br \/>\nZudem braucht dein K\u00f6rper ausreichend rote Blutk\u00f6rperchen. Viele werdende Mamas leiden unter Eisenmangel. Dieser ist Schuld an der M\u00fcdigkeit und f\u00fchrt zu Schwindelanf\u00e4llen. Dein Frauenarzt kontrolliert den Eisenwert regelm\u00e4\u00dfig und verschreibt Medikamente, die dieses Problem wieder in den Griff bekommen. Die meisten bekommen zudem Magnesium verschrieben, um l\u00e4stige Wadenkr\u00e4mpfe zu vermeiden.<br \/>\nMit der SSW 17 bist du bereits im zweiten Trimester deiner Schwangerschaft angekommen und in dieser wirst du nochmal 5,5 &#8211; 9 kg zunehmen. Wassereinlagerungen, die Plazenta, das Fruchtwasser und dein Baby k\u00f6nnen schon so einiges auf die Waage bringen!<br \/>\nDas Ziehen, welches du m\u00f6glicherweise bereits im Unterleib sp\u00fcrst, ist auf die wachsenden Mutterb\u00e4nder zur\u00fcckzuf\u00fchren. Alles w\u00e4chst und dehnt sich aus, auch die Geb\u00e4rmutter. Sie wird schwerer und belastet immer mehr den Beckenboden. Wenn es schwierig f\u00fcr dich wird, deine Blase zu kontrollieren, z\u00f6gere nicht und bitte deine Hebamme um Rat. Eventuell kann diese dir bereits ein paar \u00dcbungen zur St\u00e4rkung deines Beckenbodens zeigen.<br \/>\nIst dir aufgefallen, dass sich von deinem Bauchnabel bis zum Schambein eine dunkle Linie zieht? Sie nennt sich Linea Negra. Sind deine Brustwarzen bereits dunkler geworden? Denn der hohe \u00d6strogenspiegel in deinem K\u00f6rper sorgt daf\u00fcr, dass der Hautfarbstoff Melanin st\u00e4rker produziert wird. In der heutigen Zeit werden Babys zum Stillen direkt angelegt, doch fr\u00fcher suchten sie sich die Brustwarze selbst. Damit das klappen konnte, f\u00e4rbte der K\u00f6rper der Mutter die Brustwarzen dunkler. Faszinierend, oder?<\/p>\n<h2>Tipps f\u00fcr die Phase dieser SSW<\/h2>\n<p>Neben gesunder Ern\u00e4hrung, ist viel Trinken angesagt. Greife am besten zu Wasser, Tee oder unges\u00fc\u00dften S\u00e4ften. Achte darauf, dass du eisenhaltige Lebensmittel zu dir nimmst.<br \/>\nDoch der wichtigste Tipp ist dieser: Entspannung und K\u00f6rperpflege!<br \/>\nGenie\u00dfe deine Schwangerschaft in vollen Z\u00fcgen. Gehe spazieren oder baden, meditiere oder schlafe, wenn dir danach ist.<br \/>\nAb der 17. Schwangerschaftswoche ist es durchaus m\u00f6glich, das kleine Wesen in deinem Bauch zu sp\u00fcren. Das funktioniert auch wunderbar andersherum: Nimm Kontakt zu deinem Baby auf, indem du deine Hand auf den Bauch legst. Streichele es, rede mit dem kleinen Wunder in dir oder singe f\u00fcr es. Alles, was sich gut anf\u00fchlt, ist erlaubt!<\/p>\n<p><a href=\"https:\/\/alleinerziehende-singles.de\/magazin\/ssw-schwangerschaftswoche-16\/\">\u21d0 Zur\u00fcck zu SSW 16<\/a><br \/>\n<a href=\"https:\/\/alleinerziehende-singles.de\/magazin\/ssw-schwangerschaftswoche-18\/\">\u21d2 Weiter zu SSW 18<\/a><\/p>\n","protected":false},"excerpt":{"rendered":"<p>So aufregend wird die Schwangerschaftswoche 17! Die SSW 17 beginnt und damit bereits der f\u00fcnfte Monat der Schwangerschaft! Eine aufregende<\/p>\n","protected":false},"author":2,"featured_media":0,"parent":0,"menu_order":0,"comment_status":"closed","ping_status":"closed","template":"","meta":{"footnotes":""},"class_list":["post-2375","page","type-page","status-publish","hentry","comments-off"],"aioseo_notices":[],"_links":{"self":[{"href":"https:\/\/alleinerziehende-singles.de\/magazin\/wp-json\/wp\/v2\/pages\/2375","targetHints":{"allow":["GET"]}}],"collection":[{"href":"https:\/\/alleinerziehende-singles.de\/magazin\/wp-json\/wp\/v2\/pages"}],"about":[{"href":"https:\/\/alleinerziehende-singles.de\/magazin\/wp-json\/wp\/v2\/types\/page"}],"author":[{"embeddable":true,"href":"https:\/\/alleinerziehende-singles.de\/magazin\/wp-json\/wp\/v2\/users\/2"}],"replies":[{"embeddable":true,"href":"https:\/\/alleinerziehende-singles.de\/magazin\/wp-json\/wp\/v2\/comments?post=2375"}],"version-history":[{"count":3,"href":"https:\/\/alleinerziehende-singles.de\/magazin\/wp-json\/wp\/v2\/pages\/2375\/revisions"}],"predecessor-version":[{"id":2672,"href":"https:\/\/alleinerziehende-singles.de\/magazin\/wp-json\/wp\/v2\/pages\/2375\/revisions\/2672"}],"wp:attachment":[{"href":"https:\/\/alleinerziehende-singles.de\/magazin\/wp-json\/wp\/v2\/media?parent=2375"}],"curies":[{"name":"wp","href":"https:\/\/api.w.org\/{rel}","templated":true}]}}